{"id":597,"date":"2025-06-01T22:03:45","date_gmt":"2025-06-01T22:03:45","guid":{"rendered":"https:\/\/personal.pt\/vp\/?page_id=597"},"modified":"2025-06-13T10:57:04","modified_gmt":"2025-06-13T10:57:04","slug":"edl","status":"publish","type":"page","link":"https:\/\/beiradouro.pt\/vp\/dlbc-2020\/edl\/","title":{"rendered":"EDL"},"content":{"rendered":"\t\t<div data-elementor-type=\"wp-page\" data-elementor-id=\"597\" class=\"elementor elementor-597\">\n\t\t\t\t<div class=\"aux-parallax-section elementor-element elementor-element-fde052b e-flex e-con-boxed e-con e-parent\" data-id=\"fde052b\" data-element_type=\"container\" data-e-type=\"container\">\n\t\t\t\t\t<div class=\"e-con-inner\">\n\t\t<div class=\"elementor-element elementor-element-cd088c8 e-con-full e-flex e-con e-child\" data-id=\"cd088c8\" data-element_type=\"container\" data-e-type=\"container\">\n\t\t\t\t<div class=\"elementor-element elementor-element-10894a4 aux-appear-watch-animation aux-fade-in-up-1 elementor-widget elementor-widget-aux_modern_heading\" data-id=\"10894a4\" data-element_type=\"widget\" data-e-type=\"widget\" data-widget_type=\"aux_modern_heading.default\">\n\t\t\t\t<div class=\"elementor-widget-container\">\n\t\t\t\t\t<section class=\"aux-widget-modern-heading\">\n            <div class=\"aux-widget-inner\"><h2 class=\"aux-modern-heading-primary\"><\/h2><h3 class=\"aux-modern-heading-secondary\"><span class=\"aux-head-before\">Estrat\u00e9gia de Desenvolvimento Local<\/span><\/h3><div class=\"aux-modern-heading-divider\"><\/div><\/div>\n        <\/section>\t\t\t\t<\/div>\n\t\t\t\t<\/div>\n\t\t\t\t<\/div>\n\t\t\t\t<div class=\"elementor-element elementor-element-03703db aux-appear-watch-animation aux-fade-in-up-1 elementor-widget elementor-widget-text-editor\" data-id=\"03703db\" data-element_type=\"widget\" data-e-type=\"widget\" data-widget_type=\"text-editor.default\">\n\t\t\t\t<div class=\"elementor-widget-container\">\n\t\t\t\t\t\t\t\t\t<p>O Desenvolvimento Local de Base Comunit\u00e1ria, conhecido como abordagem LEADER no caso do FEADER, \u00e9 uma forma de abordagem de desenvolvimento territorial integrado apoiada por um ou v\u00e1rios instrumentos pol\u00edticos programados que financiam a execu\u00e7\u00e3o das Estrat\u00e9gias de Desenvolvimento Local (EDL) selecionadas e que pode ser financiada pelos v\u00e1rios Fundos Europeus Estruturais e de Investimento atrav\u00e9s dos respetivos Programas Operacionais.<\/p><p>As EDL correspondem a estrat\u00e9gias integradas e multissectoriais de desenvolvimento local, promovidas pelas comunidades locais, atrav\u00e9s dos Grupos de A\u00e7\u00e3o Local (GAL) que s\u00e3o parcerias compostas por representantes dos interesses socioecon\u00f3micos locais, p\u00fablicos e privados e incidindo em territ\u00f3rios sub-regionais espec\u00edficos tendo em conta as necessidades e potencialidades locais, a liga\u00e7\u00e3o em rede e a coopera\u00e7\u00e3o.<\/p><p><a href=\"https:\/\/beiradouro.pt\/vp\/wp-content\/uploads\/2025\/06\/EDL_Estrategia.Desenvolvimento.Local_.pdf\">Download<\/a><\/p>\t\t\t\t\t\t\t\t<\/div>\n\t\t\t\t<\/div>\n\t\t\t\t\t<\/div>\n\t\t\t\t<\/div>\n\t\t\t\t<\/div>\n\t\t","protected":false},"excerpt":{"rendered":"<p>Estrat\u00e9gia de Desenvolvimento Local O Desenvolvimento Local de Base Comunit\u00e1ria, conhecido como abordagem LEADER no caso do FEADER, \u00e9 uma forma de abordagem de desenvolvimento territorial integrado apoiada por um ou v\u00e1rios instrumentos pol\u00edticos programados que financiam a execu\u00e7\u00e3o das Estrat\u00e9gias de Desenvolvimento Local (EDL) selecionadas e que pode ser financiada pelos v\u00e1rios Fundos Europeus [&hellip;]<\/p>\n","protected":false},"author":2,"featured_media":0,"parent":595,"menu_order":0,"comment_status":"closed","ping_status":"closed","template":"","meta":{"footnotes":""},"class_list":["post-597","page","type-page","status-publish","hentry"],"_links":{"self":[{"href":"https:\/\/beiradouro.pt\/vp\/wp-json\/wp\/v2\/pages\/597","targetHints":{"allow":["GET"]}}],"collection":[{"href":"https:\/\/beiradouro.pt\/vp\/wp-json\/wp\/v2\/pages"}],"about":[{"href":"https:\/\/beiradouro.pt\/vp\/wp-json\/wp\/v2\/types\/page"}],"author":[{"embeddable":true,"href":"https:\/\/beiradouro.pt\/vp\/wp-json\/wp\/v2\/users\/2"}],"replies":[{"embeddable":true,"href":"https:\/\/beiradouro.pt\/vp\/wp-json\/wp\/v2\/comments?post=597"}],"version-history":[{"count":10,"href":"https:\/\/beiradouro.pt\/vp\/wp-json\/wp\/v2\/pages\/597\/revisions"}],"predecessor-version":[{"id":974,"href":"https:\/\/beiradouro.pt\/vp\/wp-json\/wp\/v2\/pages\/597\/revisions\/974"}],"up":[{"embeddable":true,"href":"https:\/\/beiradouro.pt\/vp\/wp-json\/wp\/v2\/pages\/595"}],"wp:attachment":[{"href":"https:\/\/beiradouro.pt\/vp\/wp-json\/wp\/v2\/media?parent=597"}],"curies":[{"name":"wp","href":"https:\/\/api.w.org\/{rel}","templated":true}]}}

<div data-elementor-type="wp-page" data-elementor-id="597" class="elementor elementor-597">
				<div class="aux-parallax-section elementor-element elementor-element-fde052b e-flex e-con-boxed e-con e-parent" data-id="fde052b" data-element_type="container" data-e-type="container">
					<div class="e-con-inner">
		<div class="elementor-element elementor-element-cd088c8 e-con-full e-flex e-con e-child" data-id="cd088c8" data-element_type="container" data-e-type="container">
				<div class="elementor-element elementor-element-10894a4 aux-appear-watch-animation aux-fade-in-up-1 elementor-widget elementor-widget-aux_modern_heading" data-id="10894a4" data-element_type="widget" data-e-type="widget" data-widget_type="aux_modern_heading.default">
				<div class="elementor-widget-container">
					<section class="aux-widget-modern-heading">
            <div class="aux-widget-inner"><h2 class="aux-modern-heading-primary"></h2><h3 class="aux-modern-heading-secondary"><span class="aux-head-before">Estratégia de Desenvolvimento Local</span></h3><div class="aux-modern-heading-divider"></div></div>
        </section>				</div>
				</div>
				</div>
				<div class="elementor-element elementor-element-03703db aux-appear-watch-animation aux-fade-in-up-1 elementor-widget elementor-widget-text-editor" data-id="03703db" data-element_type="widget" data-e-type="widget" data-widget_type="text-editor.default">
				<div class="elementor-widget-container">
									<p>O Desenvolvimento Local de Base Comunitária, conhecido como abordagem LEADER no caso do FEADER, é uma forma de abordagem de desenvolvimento territorial integrado apoiada por um ou vários instrumentos políticos programados que financiam a execução das Estratégias de Desenvolvimento Local (EDL) selecionadas e que pode ser financiada pelos vários Fundos Europeus Estruturais e de Investimento através dos respetivos Programas Operacionais.</p><p>As EDL correspondem a estratégias integradas e multissectoriais de desenvolvimento local, promovidas pelas comunidades locais, através dos Grupos de Ação Local (GAL) que são parcerias compostas por representantes dos interesses socioeconómicos locais, públicos e privados e incidindo em territórios sub-regionais específicos tendo em conta as necessidades e potencialidades locais, a ligação em rede e a cooperação.</p><p><a href="https://beiradouro.pt/vp/wp-content/uploads/2025/06/EDL_Estrategia.Desenvolvimento.Local_.pdf">Download</a></p>								</div>
				</div>
					</div>
				</div>
				</div>

<p>Estratégia de Desenvolvimento Local O Desenvolvimento Local de Base Comunitária, conhecido como abordagem LEADER no caso do FEADER, é uma forma de abordagem de desenvolvimento territorial integrado apoiada por um ou vários instrumentos políticos programados que financiam a execução das Estratégias de Desenvolvimento Local (EDL) selecionadas e que pode ser financiada pelos vários Fundos Europeus [&hellip;]</p>
