{"id":571,"date":"2025-06-01T21:55:11","date_gmt":"2025-06-01T21:55:11","guid":{"rendered":"https:\/\/personal.pt\/vp\/?page_id=571"},"modified":"2025-06-13T10:52:44","modified_gmt":"2025-06-13T10:52:44","slug":"de-apresentacao","status":"publish","type":"page","link":"https:\/\/beiradouro.pt\/vp\/douro-empreendedor\/de-apresentacao\/","title":{"rendered":"Apresenta\u00e7\u00e3o"},"content":{"rendered":"\t\t<div data-elementor-type=\"wp-page\" data-elementor-id=\"571\" class=\"elementor elementor-571\">\n\t\t\t\t<div class=\"aux-parallax-section elementor-element elementor-element-38344a9 e-flex e-con-boxed e-con e-parent\" data-id=\"38344a9\" data-element_type=\"container\" data-e-type=\"container\">\n\t\t\t\t\t<div class=\"e-con-inner\">\n\t\t<div class=\"elementor-element elementor-element-c4d62df e-con-full e-flex e-con e-child\" data-id=\"c4d62df\" data-element_type=\"container\" data-e-type=\"container\">\n\t\t\t\t<div class=\"elementor-element elementor-element-ab7b64a aux-appear-watch-animation aux-fade-in-up-1 elementor-widget elementor-widget-aux_modern_heading\" data-id=\"ab7b64a\" data-element_type=\"widget\" data-e-type=\"widget\" data-widget_type=\"aux_modern_heading.default\">\n\t\t\t\t<div class=\"elementor-widget-container\">\n\t\t\t\t\t<section class=\"aux-widget-modern-heading\">\n            <div class=\"aux-widget-inner\"><h2 class=\"aux-modern-heading-primary\"><\/h2><h3 class=\"aux-modern-heading-secondary\"><span class=\"aux-head-before\">Douro Empreendedor<\/span><\/h3><div class=\"aux-modern-heading-divider\"><\/div><\/div>\n        <\/section>\t\t\t\t<\/div>\n\t\t\t\t<\/div>\n\t\t\t\t<\/div>\n\t\t\t\t<div class=\"elementor-element elementor-element-c42f775 aux-appear-watch-animation aux-fade-in-up-1 elementor-widget elementor-widget-text-editor\" data-id=\"c42f775\" data-element_type=\"widget\" data-e-type=\"widget\" data-widget_type=\"text-editor.default\">\n\t\t\t\t<div class=\"elementor-widget-container\">\n\t\t\t\t\t\t\t\t\t<p>O <strong>\u201cDouro Empreendedor\u201d<\/strong> \u00e9 um espa\u00e7o dedicado a apoiar o desenvolvimento de novas ideias, neg\u00f3cios e projetos na regi\u00e3o do Douro. Aqui, empreendedores e empresas encontram recursos essenciais, como programas de financiamento, forma\u00e7\u00e3o, consultoria e eventos, com o objetivo de fortalecer o ecossistema empreendedor local.\u00a0<\/p><p>Se est\u00e1 a come\u00e7ar o seu neg\u00f3cio ou j\u00e1 tem um projeto em andamento, este espa\u00e7o \u00e9 para si.<\/p><p>Venha descobrir as melhores oportunidades para ajudar o seu neg\u00f3cio e contribuir para o futuro do Douro.\u00a0<\/p>\t\t\t\t\t\t\t\t<\/div>\n\t\t\t\t<\/div>\n\t\t\t\t\t<\/div>\n\t\t\t\t<\/div>\n\t\t\t\t<\/div>\n\t\t","protected":false},"excerpt":{"rendered":"<p>Douro Empreendedor O \u201cDouro Empreendedor\u201d \u00e9 um espa\u00e7o dedicado a apoiar o desenvolvimento de novas ideias, neg\u00f3cios e projetos na regi\u00e3o do Douro. Aqui, empreendedores e empresas encontram recursos essenciais, como programas de financiamento, forma\u00e7\u00e3o, consultoria e eventos, com o objetivo de fortalecer o ecossistema empreendedor local.\u00a0 Se est\u00e1 a come\u00e7ar o seu neg\u00f3cio ou [&hellip;]<\/p>\n","protected":false},"author":2,"featured_media":0,"parent":569,"menu_order":0,"comment_status":"closed","ping_status":"closed","template":"","meta":{"footnotes":""},"class_list":["post-571","page","type-page","status-publish","hentry"],"_links":{"self":[{"href":"https:\/\/beiradouro.pt\/vp\/wp-json\/wp\/v2\/pages\/571","targetHints":{"allow":["GET"]}}],"collection":[{"href":"https:\/\/beiradouro.pt\/vp\/wp-json\/wp\/v2\/pages"}],"about":[{"href":"https:\/\/beiradouro.pt\/vp\/wp-json\/wp\/v2\/types\/page"}],"author":[{"embeddable":true,"href":"https:\/\/beiradouro.pt\/vp\/wp-json\/wp\/v2\/users\/2"}],"replies":[{"embeddable":true,"href":"https:\/\/beiradouro.pt\/vp\/wp-json\/wp\/v2\/comments?post=571"}],"version-history":[{"count":7,"href":"https:\/\/beiradouro.pt\/vp\/wp-json\/wp\/v2\/pages\/571\/revisions"}],"predecessor-version":[{"id":968,"href":"https:\/\/beiradouro.pt\/vp\/wp-json\/wp\/v2\/pages\/571\/revisions\/968"}],"up":[{"embeddable":true,"href":"https:\/\/beiradouro.pt\/vp\/wp-json\/wp\/v2\/pages\/569"}],"wp:attachment":[{"href":"https:\/\/beiradouro.pt\/vp\/wp-json\/wp\/v2\/media?parent=571"}],"curies":[{"name":"wp","href":"https:\/\/api.w.org\/{rel}","templated":true}]}}

Apresentação

<div data-elementor-type="wp-page" data-elementor-id="571" class="elementor elementor-571">
				<div class="aux-parallax-section elementor-element elementor-element-38344a9 e-flex e-con-boxed e-con e-parent" data-id="38344a9" data-element_type="container" data-e-type="container">
					<div class="e-con-inner">
		<div class="elementor-element elementor-element-c4d62df e-con-full e-flex e-con e-child" data-id="c4d62df" data-element_type="container" data-e-type="container">
				<div class="elementor-element elementor-element-ab7b64a aux-appear-watch-animation aux-fade-in-up-1 elementor-widget elementor-widget-aux_modern_heading" data-id="ab7b64a" data-element_type="widget" data-e-type="widget" data-widget_type="aux_modern_heading.default">
				<div class="elementor-widget-container">
					<section class="aux-widget-modern-heading">
            <div class="aux-widget-inner"><h2 class="aux-modern-heading-primary"></h2><h3 class="aux-modern-heading-secondary"><span class="aux-head-before">Douro Empreendedor</span></h3><div class="aux-modern-heading-divider"></div></div>
        </section>				</div>
				</div>
				</div>
				<div class="elementor-element elementor-element-c42f775 aux-appear-watch-animation aux-fade-in-up-1 elementor-widget elementor-widget-text-editor" data-id="c42f775" data-element_type="widget" data-e-type="widget" data-widget_type="text-editor.default">
				<div class="elementor-widget-container">
									<p>O <strong>“Douro Empreendedor”</strong> é um espaço dedicado a apoiar o desenvolvimento de novas ideias, negócios e projetos na região do Douro. Aqui, empreendedores e empresas encontram recursos essenciais, como programas de financiamento, formação, consultoria e eventos, com o objetivo de fortalecer o ecossistema empreendedor local. </p><p>Se está a começar o seu negócio ou já tem um projeto em andamento, este espaço é para si.</p><p>Venha descobrir as melhores oportunidades para ajudar o seu negócio e contribuir para o futuro do Douro. </p>								</div>
				</div>
					</div>
				</div>
				</div>

<p>Douro Empreendedor O “Douro Empreendedor” é um espaço dedicado a apoiar o desenvolvimento de novas ideias, negócios e projetos na região do Douro. Aqui, empreendedores e empresas encontram recursos essenciais, como programas de financiamento, formação, consultoria e eventos, com o objetivo de fortalecer o ecossistema empreendedor local.  Se está a começar o seu negócio ou [&hellip;]</p>
