{"id":298,"date":"2025-06-01T13:51:40","date_gmt":"2025-06-01T13:51:40","guid":{"rendered":"https:\/\/personal.pt\/vp\/?page_id=298"},"modified":"2025-06-13T10:45:37","modified_gmt":"2025-06-13T10:45:37","slug":"quem-somos","status":"publish","type":"page","link":"https:\/\/beiradouro.pt\/vp\/beira-douro\/quem-somos\/","title":{"rendered":"Quem Somos"},"content":{"rendered":"\t\t<div data-elementor-type=\"wp-page\" data-elementor-id=\"298\" class=\"elementor elementor-298\">\n\t\t\t\t<div class=\"aux-parallax-section elementor-element elementor-element-fdd8294 e-flex e-con-boxed e-con e-parent\" data-id=\"fdd8294\" data-element_type=\"container\" data-e-type=\"container\">\n\t\t\t\t\t<div class=\"e-con-inner\">\n\t\t<div class=\"elementor-element elementor-element-a9de37e e-con-full e-flex e-con e-child\" data-id=\"a9de37e\" data-element_type=\"container\" data-e-type=\"container\">\n\t\t\t\t<div class=\"elementor-element elementor-element-84ddddc aux-appear-watch-animation aux-fade-in-up-1 elementor-widget elementor-widget-aux_modern_heading\" data-id=\"84ddddc\" data-element_type=\"widget\" data-e-type=\"widget\" data-widget_type=\"aux_modern_heading.default\">\n\t\t\t\t<div class=\"elementor-widget-container\">\n\t\t\t\t\t<section class=\"aux-widget-modern-heading\">\n            <div class=\"aux-widget-inner\"><h2 class=\"aux-modern-heading-primary\"><\/h2><h3 class=\"aux-modern-heading-secondary\"><span class=\"aux-head-before\">A Beira Douro<\/span><\/h3><div class=\"aux-modern-heading-divider\"><\/div><\/div>\n        <\/section>\t\t\t\t<\/div>\n\t\t\t\t<\/div>\n\t\t\t\t<\/div>\n\t\t\t\t<div class=\"elementor-element elementor-element-7eb71e7 aux-appear-watch-animation aux-fade-in-up-1 elementor-widget elementor-widget-text-editor\" data-id=\"7eb71e7\" data-element_type=\"widget\" data-e-type=\"widget\" data-widget_type=\"text-editor.default\">\n\t\t\t\t<div class=\"elementor-widget-container\">\n\t\t\t\t\t\t\t\t\t<p><strong>A Beira Douro \u2013 Associa\u00e7\u00e3o de Desenvolvimento do Vale do Douro<\/strong> foi criada em 8 de maio de 1995, com o objetivo de promover o desenvolvimento integral e integrado das popula\u00e7\u00f5es abrangidas na sua \u00e1rea de interven\u00e7\u00e3o social, o Douro Sul e os concelhos que o comp\u00f5em: Armamar, Lamego, Moimenta da Beira, Penedono, S\u00e3o Jo\u00e3o da Pesqueira, Sernancelhe, Tabua\u00e7o e Tarouca.<\/p><p>Ao longo dos seus 30 anos (2025) a associa\u00e7\u00e3o tem sido tamb\u00e9m respons\u00e1vel pela gest\u00e3o de interven\u00e7\u00f5es de \u00e2mbito local, regional e internacional, para o desenvolvimento sustent\u00e1vel e inclusivo das comunidades rurais, em parceria com entidades e agentes locais e nacionais.<\/p><p>A Beiradouro \u00e9 associada da Minha Terra \u2013 Federa\u00e7\u00e3o Portuguesa das Associa\u00e7\u00f5es de Desenvolvimento Local entidade com quem tem estabelecido protocolos e parcerias para o desenvolvimento da interven\u00e7\u00e3o.<\/p><p>A sua atividade central nos \u00faltimos anos tem sido a gest\u00e3o e acompanhamento do Desenvolvimento Local de Base Comunit\u00e1ria (DLBC)\/Abordagem LEADER, dinamizando tamb\u00e9m projetos de Coopera\u00e7\u00e3o nacionais e transnacionais no \u00e2mbito do DLBC.<\/p><p>A Beiradouro conta com diversos parceiros de \u00e2mbito local e regional, com vista \u00e0 prossecu\u00e7\u00e3o dos seus objetivos e \u00e0 concretiza\u00e7\u00e3o da sua miss\u00e3o.<\/p>\t\t\t\t\t\t\t\t<\/div>\n\t\t\t\t<\/div>\n\t\t\t\t\t<\/div>\n\t\t\t\t<\/div>\n\t\t<div class=\"aux-parallax-section elementor-element elementor-element-c99a5b7 e-flex e-con-boxed e-con e-parent\" data-id=\"c99a5b7\" data-element_type=\"container\" data-e-type=\"container\">\n\t\t\t\t\t<div class=\"e-con-inner\">\n\t\t\t\t<div class=\"elementor-element elementor-element-f42d8f9 aux-appear-watch-animation aux-fade-in-up-1 elementor-widget elementor-widget-aux_modern_heading\" data-id=\"f42d8f9\" data-element_type=\"widget\" data-e-type=\"widget\" data-widget_type=\"aux_modern_heading.default\">\n\t\t\t\t<div class=\"elementor-widget-container\">\n\t\t\t\t\t<section class=\"aux-widget-modern-heading\">\n            <div class=\"aux-widget-inner\"><h2 class=\"aux-modern-heading-primary\"><\/h2><h3 class=\"aux-modern-heading-secondary\"><span class=\"aux-head-before\">Miss\u00e3o, Vis\u00e3o, Valores<\/span><\/h3><div class=\"aux-modern-heading-divider\"><\/div><\/div>\n        <\/section>\t\t\t\t<\/div>\n\t\t\t\t<\/div>\n\t\t\t\t\t<\/div>\n\t\t\t\t<\/div>\n\t\t<div class=\"aux-parallax-section elementor-element elementor-element-27408c2 e-flex e-con-boxed e-con e-parent\" data-id=\"27408c2\" data-element_type=\"container\" data-e-type=\"container\">\n\t\t\t\t\t<div class=\"e-con-inner\">\n\t\t\t\t<div class=\"elementor-element elementor-element-7fe3797 aux-appear-watch-animation aux-fade-in-up-1 elementor-widget elementor-widget-text-editor\" data-id=\"7fe3797\" data-element_type=\"widget\" data-e-type=\"widget\" data-widget_type=\"text-editor.default\">\n\t\t\t\t<div class=\"elementor-widget-container\">\n\t\t\t\t\t\t\t\t\t<p><strong>MISS\u00c3O<\/strong><\/p><p>Incentivar o desenvolvimento econ\u00f3mico, social e ambiental sustent\u00e1vel das regi\u00f5es rurais, promovendo a participa\u00e7\u00e3o de todos os parceiros presentes no territ\u00f3rio.<\/p><p><strong>VIS\u00c3O<\/strong><\/p><p>A Beiradouro procura contribuir para um territ\u00f3rio coeso, competitivo e sustent\u00e1vel que promove o emprego atrav\u00e9s da valoriza\u00e7\u00e3o e diversifica\u00e7\u00e3o das atividades do mundo rural, que preserva o seu patrim\u00f3nio natural e cultural e responde aos desafios da transi\u00e7\u00e3o clim\u00e1tica e digital.<\/p><p><strong>VALORES<\/strong><\/p><p>A a\u00e7\u00e3o da Beiradouro orienta-se:<\/p><p>Pelo respeito pelos direitos humanos universais;<\/p><p>Pelos valores da igualdade de oportunidades e n\u00e3o descrimina\u00e7\u00e3o econ\u00f3mica e social;<\/p><p>Pela independ\u00eancia, transpar\u00eancia e responsabilidade na sua interven\u00e7\u00e3o.<\/p>\t\t\t\t\t\t\t\t<\/div>\n\t\t\t\t<\/div>\n\t\t\t\t\t<\/div>\n\t\t\t\t<\/div>\n\t\t\t\t<\/div>\n\t\t","protected":false},"excerpt":{"rendered":"<p>A Beira Douro A Beira Douro \u2013 Associa\u00e7\u00e3o de Desenvolvimento do Vale do Douro foi criada em 8 de maio de 1995, com o objetivo de promover o desenvolvimento integral e integrado das popula\u00e7\u00f5es abrangidas na sua \u00e1rea de interven\u00e7\u00e3o social, o Douro Sul e os concelhos que o comp\u00f5em: Armamar, Lamego, Moimenta da Beira, [&hellip;]<\/p>\n","protected":false},"author":2,"featured_media":0,"parent":301,"menu_order":0,"comment_status":"closed","ping_status":"closed","template":"","meta":{"footnotes":""},"class_list":["post-298","page","type-page","status-publish","hentry"],"_links":{"self":[{"href":"https:\/\/beiradouro.pt\/vp\/wp-json\/wp\/v2\/pages\/298","targetHints":{"allow":["GET"]}}],"collection":[{"href":"https:\/\/beiradouro.pt\/vp\/wp-json\/wp\/v2\/pages"}],"about":[{"href":"https:\/\/beiradouro.pt\/vp\/wp-json\/wp\/v2\/types\/page"}],"author":[{"embeddable":true,"href":"https:\/\/beiradouro.pt\/vp\/wp-json\/wp\/v2\/users\/2"}],"replies":[{"embeddable":true,"href":"https:\/\/beiradouro.pt\/vp\/wp-json\/wp\/v2\/comments?post=298"}],"version-history":[{"count":28,"href":"https:\/\/beiradouro.pt\/vp\/wp-json\/wp\/v2\/pages\/298\/revisions"}],"predecessor-version":[{"id":950,"href":"https:\/\/beiradouro.pt\/vp\/wp-json\/wp\/v2\/pages\/298\/revisions\/950"}],"up":[{"embeddable":true,"href":"https:\/\/beiradouro.pt\/vp\/wp-json\/wp\/v2\/pages\/301"}],"wp:attachment":[{"href":"https:\/\/beiradouro.pt\/vp\/wp-json\/wp\/v2\/media?parent=298"}],"curies":[{"name":"wp","href":"https:\/\/api.w.org\/{rel}","templated":true}]}}

<div data-elementor-type="wp-page" data-elementor-id="298" class="elementor elementor-298">
				<div class="aux-parallax-section elementor-element elementor-element-fdd8294 e-flex e-con-boxed e-con e-parent" data-id="fdd8294" data-element_type="container" data-e-type="container">
					<div class="e-con-inner">
		<div class="elementor-element elementor-element-a9de37e e-con-full e-flex e-con e-child" data-id="a9de37e" data-element_type="container" data-e-type="container">
				<div class="elementor-element elementor-element-84ddddc aux-appear-watch-animation aux-fade-in-up-1 elementor-widget elementor-widget-aux_modern_heading" data-id="84ddddc" data-element_type="widget" data-e-type="widget" data-widget_type="aux_modern_heading.default">
				<div class="elementor-widget-container">
					<section class="aux-widget-modern-heading">
            <div class="aux-widget-inner"><h2 class="aux-modern-heading-primary"></h2><h3 class="aux-modern-heading-secondary"><span class="aux-head-before">A Beira Douro</span></h3><div class="aux-modern-heading-divider"></div></div>
        </section>				</div>
				</div>
				</div>
				<div class="elementor-element elementor-element-7eb71e7 aux-appear-watch-animation aux-fade-in-up-1 elementor-widget elementor-widget-text-editor" data-id="7eb71e7" data-element_type="widget" data-e-type="widget" data-widget_type="text-editor.default">
				<div class="elementor-widget-container">
									<p><strong>A Beira Douro – Associação de Desenvolvimento do Vale do Douro</strong> foi criada em 8 de maio de 1995, com o objetivo de promover o desenvolvimento integral e integrado das populações abrangidas na sua área de intervenção social, o Douro Sul e os concelhos que o compõem: Armamar, Lamego, Moimenta da Beira, Penedono, São João da Pesqueira, Sernancelhe, Tabuaço e Tarouca.</p><p>Ao longo dos seus 30 anos (2025) a associação tem sido também responsável pela gestão de intervenções de âmbito local, regional e internacional, para o desenvolvimento sustentável e inclusivo das comunidades rurais, em parceria com entidades e agentes locais e nacionais.</p><p>A Beiradouro é associada da Minha Terra – Federação Portuguesa das Associações de Desenvolvimento Local entidade com quem tem estabelecido protocolos e parcerias para o desenvolvimento da intervenção.</p><p>A sua atividade central nos últimos anos tem sido a gestão e acompanhamento do Desenvolvimento Local de Base Comunitária (DLBC)/Abordagem LEADER, dinamizando também projetos de Cooperação nacionais e transnacionais no âmbito do DLBC.</p><p>A Beiradouro conta com diversos parceiros de âmbito local e regional, com vista à prossecução dos seus objetivos e à concretização da sua missão.</p>								</div>
				</div>
					</div>
				</div>
		<div class="aux-parallax-section elementor-element elementor-element-c99a5b7 e-flex e-con-boxed e-con e-parent" data-id="c99a5b7" data-element_type="container" data-e-type="container">
					<div class="e-con-inner">
				<div class="elementor-element elementor-element-f42d8f9 aux-appear-watch-animation aux-fade-in-up-1 elementor-widget elementor-widget-aux_modern_heading" data-id="f42d8f9" data-element_type="widget" data-e-type="widget" data-widget_type="aux_modern_heading.default">
				<div class="elementor-widget-container">
					<section class="aux-widget-modern-heading">
            <div class="aux-widget-inner"><h2 class="aux-modern-heading-primary"></h2><h3 class="aux-modern-heading-secondary"><span class="aux-head-before">Missão, Visão, Valores</span></h3><div class="aux-modern-heading-divider"></div></div>
        </section>				</div>
				</div>
					</div>
				</div>
		<div class="aux-parallax-section elementor-element elementor-element-27408c2 e-flex e-con-boxed e-con e-parent" data-id="27408c2" data-element_type="container" data-e-type="container">
					<div class="e-con-inner">
				<div class="elementor-element elementor-element-7fe3797 aux-appear-watch-animation aux-fade-in-up-1 elementor-widget elementor-widget-text-editor" data-id="7fe3797" data-element_type="widget" data-e-type="widget" data-widget_type="text-editor.default">
				<div class="elementor-widget-container">
									<p><strong>MISSÃO</strong></p><p>Incentivar o desenvolvimento económico, social e ambiental sustentável das regiões rurais, promovendo a participação de todos os parceiros presentes no território.</p><p><strong>VISÃO</strong></p><p>A Beiradouro procura contribuir para um território coeso, competitivo e sustentável que promove o emprego através da valorização e diversificação das atividades do mundo rural, que preserva o seu património natural e cultural e responde aos desafios da transição climática e digital.</p><p><strong>VALORES</strong></p><p>A ação da Beiradouro orienta-se:</p><p>Pelo respeito pelos direitos humanos universais;</p><p>Pelos valores da igualdade de oportunidades e não descriminação económica e social;</p><p>Pela independência, transparência e responsabilidade na sua intervenção.</p>								</div>
				</div>
					</div>
				</div>
				</div>

<p>A Beira Douro A Beira Douro – Associação de Desenvolvimento do Vale do Douro foi criada em 8 de maio de 1995, com o objetivo de promover o desenvolvimento integral e integrado das populações abrangidas na sua área de intervenção social, o Douro Sul e os concelhos que o compõem: Armamar, Lamego, Moimenta da Beira, [&hellip;]</p>
